s the value of -10 - (-45 - (-3 - (-9 + 5 - -10) - -15))?
41
Calculate 334 + -278 + (0 + 2 - (-6 - 0)).
64
(-7 - 0 - (1 - 8)) + 35
35
(20 + -55 + 24 - (0 + 50)) + 2
-59
What is the value of (-64 - -5) + -13 + -12 + (-22 - -18)?
-88
What is the value of 0 + (77 - 45) + (2 + 7 - -2)?
43
Evaluate 23 + -30 + -1 + 0 + -10.
-18
What is 3 - -10 - (-56 - -118) - ((0 - -1) + -1)?
-49
Evaluate (-142 - -145) + 0 + -2 + 52 + 2 + -4.
51
What is 5 + -322 + 296 + 12 + 1?
-8
-18 + ((-27 - -29) + -25 + 6 - 6)
-41
Calculate (89 - 5) + ((27 - 13) + -4 - 8).
86
What is -22 + (-118 - -74 - (-19 - 3))?
-44
What is (92 - (-30 + 41)) + -42?
39
What is the value of 95 + (73 - (-67 + 190))?
45
11 - (-8 + -70 + -17 + 21 + 18)
67
Evaluate -83 - (31 + -108 + -61).
55
2 - (20 + (-12 + 10 + 1 - 14))
-3
What is -27 + 0 + -1 + 11 + 80 + -97?
-34
What is the value of 217 + 72 - 147 - 261?
-119
What is the value of 16 - ((16 - (44 - -24)) + (5 - -5))?
58
Evaluate -3 + 3 + (-1 - 4) + (47 - 47) + 1.
-4
Evaluate -14 + 106 + -87 - -13.
18
What is the value of 39 + -3 - (-317 - -309)?
44
Evaluate -26 - (-17 + -7 + 37 + (4 - 21)).
-22
What is -1 + 37 + (-10 - 19) + (105 - (7 + -4))?
109
Calculate -15 + 4 + (25 - 37 - -70).
47
(94 - 47) + -42 + 31
36
What is the value of 40 - -6 - (60 - -20)?
-34
What is the value of -4 + 17 - (22 + (4 - (0 - -11)))?
-2
What is the value of (0 - 2) + 578 + -511 + 46?
111
(-7 - 1) + (19 - (19 - 22) - -37)
51
Evaluate 18 + (-15 - -16) + -7 - (-3 + -2 - -5).
12
What is 23 + 3 + -16 - -22?
32
What is the value of (-31 - -22) + -1 + 1 + (-31 - -22)?
-18
What is -100 + 176 + (-89 - -24)?
11
Calculate (-62 + -1 - (40 - 43)) + 17.
-43
What is the value of -105 - (60 + -64) - (5 - (2 + 4) - 9)?
-91
Evaluate (-238 + 95 - -184) + (1 - -25).
67
What is the value of (104 - -74) + -31 + -60?
87
Evaluate -9 - 1 - -15 - (32 + (-16 - 0) + -8).
-3
Calculate -2 + 120 - ((-3 - -18) + (26 - 32) + 5).
104
Evaluate (-3 - 67) + (30 - (-26 + 37) - 5).
-56
What is 0 - (-6 - (-4 + -5 + -8)) - (-91 + 1)?
79
What is the value of -2 + -17 + 5 + 12 - 13?
-15
-37 - 2 - (-15 + (1 - -17) + -16)
-26
Evaluate 1 - 15 - (71 - 87 - 4).
6
What is (1 - (-7 - -15)) + (-13 + (7 - -7) - -100)?
94
Calculate (542 - 509) + ((-9 - 9) + 25 - (0 + 4)).
36
Evaluate (19 - (23 + -36)) + -113 + -34.
-115
What is the value of 2 - 15 - (68 + -69 + 30)?
-42
What is -23 + 20 + 83 + 22?
102
11 + (-20 - (14 + -13)) + -9 + -8
-27
Calculate (-10 - (-3 + (6 - 2))) + (-473 - -563).
79
Evaluate (11142 - 11148) + (1 - (-34 - 0)).
29
-14 - (-14 + -9 + 41) - -55
23
What is -10 + 38 - (40 + (-14 - 32)) - (0 + 15)?
19
Evaluate (-31 - (23 + -64) - -4) + (-67 - -2).
-51
Evaluate 2 + (-3 - -60) - (-37 + 50 + -30).
76
What is -31 + (-24 - -48) + -9 - (-32 - 1)?
17
Evaluate 10 + -11 + 8 + -41 + 13.
-21
What is -4 + (-23 - -37) - 8?
2
What is the value of (-5 + -1 - (-122 - (-82 + -33))) + -95?
-94
What is the value of -128 + 5 - (64 + -92 + 34)?
-129
What is the value of (-45 - 1) + (-64 - -28 - -20 - (-15 - 3))?
-44
Calculate 14 - (-11 + 16) - 20 - ((1 - 6) + -41).
35
-2 + -8 + (0 - -1) - (-10461 + 10449)
3
What is 76 - (-27 - (-5 + -1 + (56 - 66)))?
87
Evaluate -10 + 1 + -2 + -5 + (24 - 2).
6
Evaluate 14 + (10 - -4) + 5 + -65.
-32
Calculate (-2 - 3) + 743 + -630.
108
Calculate 11 - (11 + (-1 - 7) - 67) - 13.
62
Calculate (-11 - -5 - -12 - -3) + (2 - 37).
-26
What is 3 + (2 - -91) + -3 + (85 - (170 - 101))?
109
What is 806 + -723 - ((-2 - (-2 - 10)) + 3 - 2)?
72
What is the value of -44 + 33 - (27 + -22)?
-16
13 + -1 + -26 + 5 - 7 - -65
49
What is the value of (7 - -5 - (13 - 0) - 3) + -2?
-6
Evaluate -6 + 5 - (-4 + 17 + (-3 - 5) + -62).
56
What is -1 + -11 + (-11 - -18) + 2 + 11?
8
What is the value of (-2 - -27) + (-1 + -15 + 20 + -10 - -8)?
27
What is the value of -38 - (-6 - -73) - (8 + (-4 + 8 - 4))?
-113
Calculate 56 - -14 - (-234 + 191).
113
Calculate 72 + 0 + (65 - (-8 - -78)).
67
92 + -92 + (11 + 5 - 3 - 4) - 92
-83
44 + -59 - (-1 + -26) - (14 + -37)
35
Evaluate (-90 - -53) + (9 - -15) + -3.
-16
Calculate -48975 + 48938 + (30 - 1) + 0.
-8
6 + 8 + -1 + 81 + -43
51
Calculate 42 - (-9 + (-13 - (-10 + 5))).
59
Calculate (127 - 10) + (895 - 1086).
-74
Calculate -14 + -36 + (-34 - -33) + -4.
-55
-57 - (-3 + 3) - (4 + -10 + -25 + 36)
-62
Evaluate -8 - (14 + 11 + (9 + -3 - 16) + -131).
108
-69 + 76 - (-3 + 0 + -29 + 42 - -65)
-68
-453 + 385 - (-34 - 5) - (3 + -1 + -2)
-29
Evaluate (8 - 21 - (-30 - -19 - -101)) + 13.
-90
What is (-139 - -66 - -95) + -39?
-17
What is -62 + (38 + -8 - 39) + 1?
-70
What is 1 + -15 + (-22 - -10 - (12 + 11)) + 103?
54
Evaluate -4 + (1 - 2) + 9 + 1 + -13 - -109.
101
Calculate -2 + -15 + (35 - (65 - 84)).
37
(173 - 178) + -36 + 5 + (-1 - -1)
-36
Calculate -2 + 73 + -317 + 301.
55
What is (16 - ((19 - 31) + 21)) + 41?
48
What is (1 + 15 - 12) + 9 + 2 - -33?
48
Calculate (23 + -12 - 1) + -6 + 19 + -1 + 4.
26
Evaluate -158 - (18 - 75) - -162.
61
Calculate -24696 - -24714 - (-2 - (-2 - (55 + 0))).
-37
14 - (2 + -8 + -10 - (1 - 136))
-105
Calculate -50 + -2 - (-50 - -36) - (14 + -28).
-24
58 + (-51 - 28) - (-106 - -3)
82
What is the value of 1 + -9 + (-75 - (-50 + (34 - 10)))?
-57
(53 - 2) + -13 + -5 - 84
-51
What is 6 + -56 - (174 - 214)?
-10
Evaluate 6368 - 6333 - ((3 - 1) + -15).
48
(10 - 26) + (-25 + 14 - -96) + -14
55
(-71 + 23 - (15 - 35)) + 1 + -7
-34
Evaluate 11 - (-10 + (11 - 17) - -2).
25
What is -12 + 5 + 0 - (-111 - 23 - 8 - -5)?
130
6 + -228 + -5 + 102
-125
Evaluate (1 + 14 - ((0 - -16) + 0)) + -54.
-55
Evaluate 18 + -26 + (-23 - (-21 + -6)).
-4
What is -15 + (3 - -1) - -19 - (1 - (7 + 2))?
16
Evaluate 51 + -57 + (2 - (3 - 4) - -4).
1
Evaluate -37 - (-11 + -21 + 16) - -52.
31
What is the value of 133 + -31 + -18 + (-4 + -1 + -11 - -5)?
73
-1 - -1 - (-11 + 3) - (8598 - 8650)
60
Evaluate (-44 + -2 - -32) + 41.
27
8 - (67 + -18) - 8
-49
Calculate (56 - (111 + -35)) + -21.
-41
What is the value of -166 + 70 + 102 - (2 - -129)?
-125
What is the value of -10 + -33 + 52 + (4 - 5) + -5 + -63?
-60
Calculate 6 + 11 + -22 + 14 + -29 + 7 + -1.
-14
What is (-12 + -16 + 4 - -13) + (49 - 1)?
37
2 + 15 + (6 + 11 - 10 - 2)
22
-2591 - -2589 - (-2 + 3 + (-3 - -2) - -3)
-5
Calculate -11 + 38 + (-5 - -17) + -3 + -11.
25
Calculate (-5 - (33 - -1)) + -13 + 38.
-14
-67 + -103 + 204 - -91
125
What is the value of (5 - 20 - 45) + -26?
-86
What is the value of 2 + -17 + 3 - (48 - 83)?
23
9565 - 9641 - ((4 - 1) + -2)
-77
20 + -34 - (17 + (-9 - 2))
-20
(3 + -15 + 34 - 18) + -6
-2
What is 21 + -2 + -16 + -8 - -12 - -137?
144
What is -29 + 8 + (-10 - (-5 - -2 - -6))?
-34
What is (-46 - (-8 - -13)) + (-3 - (12 + -5))?
-61
What is -15 + (81 + -77 - 6)?
-17
What is the value of 11 - -1 - -58 - (0 - (-14 - -1))?
57
What is (20 - (144 + -128 + 1 + -9)) + -59?
-47
1 + 42 + -28 + 1 + (-38 - -80)
58
24 + (98 + -87 - 95)
-60
Calculate 59992 - 59980 - (-1 - (125 - 1 - -2)).
139
-9 + (6 + -4 - (-2 + 9)) + -68 + 14
-68
What is the value of 5 + 6 - (-1 + 23 + 24)?
-35
Calculate (78 - (4 - 4)) + -46 + 21 + 40.
93
What is the value of -68 - ((10 - 0) + (38 - 176 - -111))?
-51
What is 99 - 71 - (0 + 8)?
20
Evaluate (3 - 5) + -17 + (12 - (33 - 9)).
-31
-11 + (-50 - -75 - (12 + -2)) + -2 + 2
4
Calculate -32 + (104 - -55) + -76.
51
Evaluate -11 + 16 + (2 - (-7 + 8 + -6)).
12
Calculate -60 + -53 + 81 + 53.
21
33 + 7 - (-1 + -1 + -4 + 10 + 0)
36
-56 - -26 - (-26 - -25)
-29
Evaluate (597 - 502) + 5 + (-32 - -4).
72
Calculate (49 - (43 + -18)) + (-17 - -18).
25
What is ((15 - (19 + -4)) + -2 - -12) + -35?
-25
What is the value of 64 - (3 - 3) - (17 + (-6 - 5))?
58
What is the value of (120 - 238 - -56) + 92?
30
Calculate 2 + (-28 - -2) + (40 - (156 - 104)).
-36
What is the value of -10 - (4 + -4 - ((-7 + -9 - 25) + 1))?
-50
What is the value of -56 + 91 + (7 - -7)?
49
-11 + 14 + -22 - 0 - -21
2
-24 + (-7 + 8 + -2 - (13 - (31 + -8)))
-15
4 + -35 + 19 - 4
-16
What is (19 + -25 - -12) + (-3 - -10) + -68?
-55
What is the value of -2 - (0 - -4) - -12 - (-54 + -24 - -10)?
74
-2204 - -2233 - ((-13 - -11) + (2 - -1))
28
Evaluate 12 + 15 + -2 + -158 + (21 - (7 + 5)).
-124
What is 2 + 11 - (20 - ((-26 - 1) + 44)) - 57?
-47
What is 20 - 83 - -33 - -14?
-16
What is the value of (25 + -1 - (-362 + 373)) + (59 - (-4 + -6))?
82
What is (-36 - (-2 + -47